*c. Let o be m(12). Calculate the remainder when (-1 + 3)*(-86)/o is divided by 9.
7
What is the remainder when (-2)/(-36) + 8/(-36) + 1814/12 is divided by 88?
63
Let c = -5495 + 5575. What is the remainder when 82 is divided by c?
2
Suppose -p = -5, -5*k + 3*p - 2*p = -40. Suppose -3*d + 8*d + 3*g = 31, -d + 5*g = -23. Calculate the remainder when k is divided by (-5)/(-20) + 38/d.
4
Let p(l) = -l**2 - 10*l - 23. Let u be p(-5). Suppose 0 = 2*d + 2*t - 74, 4*t - t + 89 = u*d. Calculate the remainder when 117 is divided by d.
37
Suppose 12 = 2*m + 5*x - 21, 2*m - 5*x - 23 = 0. Suppose -4*y + 38 = 5*i + m, -y - i = -5. What is the remainder when 18 is divided by (y + (-3)/6)*20?
8
Let j be (-6)/15 - ((-844)/10 - -1). Let x = j + -45. Let l = -16 + x. Calculate the remainder when 109 is divided by l.
21
Let h = -186 - -306. Let c = -85 + h. Suppose 0 = c*g - 33*g - 60. What is the remainder when g is divided by 17?
13
Suppose -4*w - 103 = -343. Suppose 4*l = 44 + w. What is the remainder when l is divided by (-78)/(-10) - (-172)/(-215)?
5
Let m = 44 - 40. Suppose 4*r - m*q = -6*q - 28, q = 4. What is the remainder when 28 is divided by 28/126 + (-160)/r?
10
Let g be (1/(-2))/((-10)/(-20)). Let i(t) = -224*t - 17. Calculate the remainder when i(g) is divided by 65.
12
Let l(s) = -185*s + 1. Calculate the remainder when l(-2) is divided by (14 - -17) + (-14)/280*-60.
31
Let f be 1016/(-10) - (-160)/100. Let l = f - -163. Calculate the remainder when l is divided by 18.
9
Suppose 0 = -4*y - y + 1350. Suppose 5*h - 65 = y. Suppose r - 2*o + 22 = h, o - 3 = 0. What is the remainder when 99 is divided by r?
48
Let z be (-7 - 318/(-24))/(2/24). Let g = -61 + z. Calculate the remainder when 82 is divided by g.
12
Let i be (-2720)/(-2) - 0/(24 - 12). Suppose 4*z - 14*z + i = 0. What is the remainder when z is divided by 20?
16
What is the remainder when 13296 is divided by 83 + ((-238)/(-14))/1?
96
Let l be 2/4 - (-63)/(-18). Let o be 2/(5 + l)*(-186)/(-6). Let a = o + -16. What is the remainder when 43 is divided by a?
13
Suppose -3*s - 155 = -2*l, -173 = -2*l - 0*s - 3*s. Calculate the remainder when l is divided by 10.
2
Let i = 13 + 16. Suppose 4*q - 74 = -3*b - q, 132 = 5*b + 4*q. Suppose -134 = -2*d - b. What is the remainder when d is divided by i?
24
Let x be 0/((-5)/(15/(-6))). Suppose -p - 2*p + 27 = x. What is the remainder when 33 is divided by (-2 - (p + -2))/(-1)?
6
What is the remainder when 2971 is divided by -2*550/(-12) - (-30)/(-45) - -5?
91
Let v(u) = -u**3 + 32*u**2 + 49*u - 245. Let l be v(33). Suppose -7*t = 108 - l. Calculate the remainder when 248 is divided by t.
23
Let o(b) = -29 + 11 + 10*b**2 - 5*b + 19 - 33*b. Let t(h) = 3*h + 1. What is the remainder when t(5) is divided by o(4)?
7
Suppose -2187 = -60*z - 507. Calculate the remainder when z is divided by 7.
0
What is the remainder when 61435/(-50)*-2 + (-27)/(-45) is divided by 123?
121
Let l = -294 - -297. Suppose l*u = -3*u + 2814. Calculate the remainder when u is divided by 47.
46
Suppose 5*t - 3*v + 123 = 2*t, -5*t = -v + 213. Let j(c) = c**2 - 24*c + 21. Let z be j(10). Let h = t - z. Calculate the remainder when h is divided by 13.
11
What is the remainder when 3138/6 + 5 - 6 is divided by 63?
18
Suppose -15*p = -39 - 696. What is the remainder when p is divided by (-34 + 0)/((-116)/58)?
15
Let q(v) be the second derivative of -v**4/12 - 3*v**3/2 - v**2 + 16*v. Let h be q(-10). Calculate the remainder when 44 is divided by (48 - 2)*h/(-24).
21
Let u be 3*(-13)/(-3) - -3. Let d = 24 - u. Let c(m) = -4*m - 102. What is the remainder when d is divided by c(-26)?
0
Calculate the remainder when 5918 is divided by ((-1176)/(-245) - 1/(-5)) + 16/4.
5
Let c(h) = 103*h**3 + 5*h**2 - 20*h + 14. What is the remainder when c(1) is divided by 36?
30
Suppose 2*c + 548 - 1116 = -556. Calculate the remainder when 3232 is divided by c.
4
Let b = -753 - 57. Let k = 849 + b. Calculate the remainder when k is divided by 25.
14
Calculate the remainder when 3014 - (3009/357 + 8/14) is divided by 15.
5
Let x = 195 - 189. Suppose -80 = -x*v - 8. Calculate the remainder when 130 is divided by v.
10
Let r(w) = -2*w**2 + 10*w + 84. Calculate the remainder when (-214)/(-1)*2/4 is divided by r(8).
35
Let d(q) = -q + 24. Let l be -3*(-5 - -1 - (-1305)/(-135)). Suppose y + w = l, -4*w - 222 + 106 = -3*y. Calculate the remainder when y is divided by d(0).
16
Let v = -49 - -63. Let k(r) = r + 6*r + 2*r + 24 - 7*r. What is the remainder when v is divided by k(-8)?
6
Let u(j) = 3*j**2 - 2*j + 8*j - 3*j - 1 - 2*j**2. What is the remainder when u(7) is divided by 12?
9
Suppose -15700 = 4*r - 71*r - 33*r. Calculate the remainder when 470 is divided by r.
156
Suppose -m + 5*f - 7 + 2 = 0, -4 = -m - 4*f. Suppose -1 = k + j, m = -5*j - 16 - 4. Calculate the remainder when 3 is divided by k.
0
Let d = -175 - -362. Let r = 51700 - 51653. Calculate the remainder when d is divided by r.
46
Let q(p) = -5*p + 11. Let v(k) be the second derivative of k**3/6 + 18*k**2 - 44*k. Calculate the remainder when q(-8) is divided by v(-18).
15
Let t = 20 + -15. Suppose i - 54 = -t*l + 6, -l + 12 = -2*i. What is the remainder when l is divided by ((-2)/2)/(2 + (-45)/21)?
5
Let g = 13295 - 13038. Calculate the remainder when g is divided by 21.
5
Suppose 30 = 5*i + 4*r, 10*i - 9*i = 2*r - 8. Suppose 4*y - a = 7*y - 17, -y = i*a + 1. What is the remainder when 33 is divided by y?
5
Let v(l) = 45*l - 1612. What is the remainder when 2614 is divided by v(36)?
6
Suppose -l - w = -2, -5*l + w - 2 = -3*l. Let n be 1 + (0 - (-5 - (l + -2))). Suppose -697 + 145 = -n*k. What is the remainder when k is divided by 28?
26
Suppose r + 4*p - 1351 = 2272, 18043 = 5*r - 4*p. Suppose t + r = 5*v + 5*t, 5*t = 3*v - 2137. What is the remainder when v is divided by 36?
35
Let x(z) = -z**3 + 70*z**2 - 1161*z - 53. What is the remainder when x(28) is divided by 180?
7
Suppose -2*v = 2*x - 34, -5*v - 19 + 4 = 0. Let i = x - -28. Suppose 0 = 5*n - 55 - 30. What is the remainder when i is divided by n?
14
Let n(w) = 110*w + 187. Let l be n(-5). Let i = l - -380. What is the remainder when -1*(-22)/2*3 is divided by i?
16
Suppose j + 5*z - 491 = -j, 3*j - 765 = 2*z. Suppose -12*u + j = -11*u. Let y = u - 168. Calculate the remainder when y is divided by 29.
27
Let d(n) = -8*n + 119. Let j(u) = 3*u - 41. Let g(k) = 4*d(k) + 11*j(k). Let m = -2 - 1. Calculate the remainder when 83 is divided by g(m).
17
Let w be (-9021)/(-11) + (-6)/198*3. Suppose 3*x = 13*x - w. What is the remainder when x is divided by 30?
22
Suppose c + 0 = 10. Suppose 3*r = 5*w - c, 2*r = 3*w - w - 4. Let z = w + 22. What is the remainder when 165 is divided by z?
21
Suppose 0 = -3*f, 3*z - 134 - 31 = 2*f. Suppose -c + 122 - z = 0. Let u(d) = 6*d. Calculate the remainder when c is divided by u(3).
13
Suppose 279*a - 5*a - 39376 = -4304. Calculate the remainder when 170 is divided by a.
42
Let m(w) = 24*w - 79. Let c be 4 + 26/169 + 2/(-13). Calculate the remainder when m(c) is divided by 6.
5
Let z(o) = -5*o**3 + 63*o**2 + 22*o - 8. Let f be z(13). Suppose 31 = -q - 0. Let x = q - f. What is the remainder when 115 is divided by x?
28
Let m = 668 - 665. Suppose 5*s - m*i - 340 = 0, -4*s - 5*i - 90 = -5*s. Calculate the remainder when s is divided by 14.
9
Suppose -2184 = -857*q + 818*q. Calculate the remainder when 457 is divided by q.
9
Suppose 8*r + 5*u = 3*r + 2660, 4*r - 5*u = 2101. Let j = r - 522. Calculate the remainder when 279 is divided by j.
6
Let q = 164 - 166. Calculate the remainder when 160 is divided by (-39)/156 - q/(8/73).
16
Let b = 4 + 0. Let p = -519 + 614. Calculate the remainder when p is divided by b.
3
Let z be 8*(-4)/40*(-5)/2. Let b be z/(-4) + (-21)/(-6). Suppose -a + 3*a - 89 = -b*n, 0 = -2*a + 5*n + 65. Calculate the remainder when a is divided by 14.
12
Suppose -m = -5*j - 38, -5*m - 28 = 4*j - 7*m. Let l(d) = -d**3 - 8*d**2 + 2*d + 24. Calculate the remainder when 30 is divided by l(j).
6
Suppose 5*i - 45 = -4*s, -15 = 6*s - 4*s - 5*i. Suppose 378 - 1183 = -s*r. Calculate the remainder when r is divided by 42.
35
Suppose -29*w = -31*w + 256. Let k be ((-12)/30)/((-1)/35). Suppose 6*t - k*t = -w. What is the remainder when t is divided by 9?
7
Le